 Calculate the remainder when k is divided by 2.
1
Suppose 11*i - 39 = 27. What is the remainder when i is divided by 3?
0
Let k(d) = d**2 - 3. Suppose 0*t + 2*t = 0. Suppose 3*x - 1 - 8 = t. Calculate the remainder when 10 is divided by k(x).
4
Let n = 26 + -13. Calculate the remainder when n is divided by 7.
6
Let w(a) = a**2 + 11*a - 15. Calculate the remainder when w(-13) is divided by 4.
3
Let t(c) = -c**3 + 6*c**2 - c + 6. Let z = -5 + 11. Let v be t(z). Let q = 7 - v. Calculate the remainder when 13 is divided by q.
6
Let b = 5 - 11. What is the remainder when (-279)/b*(-4)/(-6) is divided by 11?
9
Suppose -2*q + 1 = -5. What is the remainder when 26 is divided by (-1)/(-3) + 41/q?
12
Suppose 12 = 5*t - 8. Let y(c) = c**2 - 2*c + 6. Calculate the remainder when 41 is divided by y(t).
13
Let n(d) = -d - 3. Let m(k) = -k. Let u(a) = -2*m(a) + n(a). Calculate the remainder when u(10) is divided by (1 - -1)/(4/6).
1
Suppose -3*y - 88 = -2*x - y, -2*x - 3*y = -83. What is the remainder when x is divided by 22?
21
Suppose 2*a + 188 = 3*f, -2*a = 2*f - 49 - 63. Suppose 5*l = 4*z - f, 0*z + 3*l = -z + 15. What is the remainder when 28 is divided by z?
13
Suppose 2 = -2*t + 2*d, -8*d = -5*d. Suppose 6 = -4*f + 98. Let w = f - t. Calculate the remainder when w is divided by 13.
11
Let h = 14 + -4. Calculate the remainder when 18 is divided by h.
8
Suppose 2*a - 3*j + 317 = 7*a, 3*a + j = 191. Calculate the remainder when 189 is divided by a.
61
Suppose -2*b - 3*w + 5*w - 38 = 0, -2*w = 6. Let y = 31 + b. Calculate the remainder when 26 is divided by y.
8
Suppose 4*l - w = 41, -58 = l - 6*l - w. Calculate the remainder when 30 is divided by l.
8
Let y(d) = d**3 + d + 4. Let h be y(0). Let o = h + -1. Suppose 0 = g + 4*t - 9, -2*g + 0*t - 3*t = -13. What is the remainder when g is divided by o?
2
Suppose -3*s + 40 = 13. What is the remainder when s is divided by 4?
1
Let o(k) = 86*k**2 + 1. Calculate the remainder when o(-1) is divided by 22.
21
Suppose -5*k + 3*k = 0. Suppose -4*t - 2*v + 28 = k, 5*t + 2*v - 32 = -2*v. What is the remainder when 15 is divided by t?
7
Let x be (13 + -1)/(4/2). Calculate the remainder when 29 is divided by 9 + 2/x*3.
9
Let d(a) = -a**3 + 16*a**2 - 25*a - 34. What is the remainder when 38 is divided by d(14)?
6
Calculate the remainder when 72 + (5 - -1) + (-3 - 0) is divided by 9.
3
Let m be 10*1*1/(-2). Let j be 9/(-3)*m/(-3). Let o(u) = -8*u - 3. Calculate the remainder when o(j) is divided by 13.
11
Let k(t) = -t**2 + 13*t - 9. Calculate the remainder when 5 is divided by k(12).
2
Let d(f) = -6*f - 31. Calculate the remainder when d(-8) is divided by 2.
1
Let p = -1 - -3. Suppose 5 = p*o - 3. Let a = o + 1. What is the remainder when 9 is divided by a?
4
Let i(u) = u + 38. Let f = -2 - -1. What is the remainder when i(-7) is divided by 1/((-1)/16*f)?
15
Suppose 0 = 4*h - 34 - 10. Calculate the remainder when 42 is divided by h.
9
Let a(n) = -2*n - 10. Let z = -9 - -13. Suppose z*h - 5*h = 9. Calculate the remainder when 22 is divided by a(h).
6
Suppose 0*f + f - 75 = 0. Let u = f - 28. What is the remainder when u is divided by (-10)/25*(-28 - 2)?
11
Suppose 1 = 3*x - 4*a, 0*a + 4 = -2*x + 5*a. Suppose -13 - 20 = -x*i. What is the remainder when 18 is divided by i?
7
Let d = 8 - -30. Suppose -3*h + 23 = -19. Let y = h - 1. What is the remainder when d is divided by y?
12
Let x be -1 - -2 - -1*16. Let b = x - 8. Let m = 17 - b. Calculate the remainder when 23 is divided by m.
7
Let m(i) = i**3 + 14*i**2 - 17*i - 16. Let s be m(-15). Let f = s - 4. What is the remainder when (18 + 1 - 0) + 0 is divided by f?
9
Suppose 3*v = -v - 16. Calculate the remainder when (-9)/(-2)*v/(-9) is divided by 2.
0
Calculate the remainder when 128 + -1 + (-2 - -2) is divided by 32.
31
Let w(v) = -v. Let o be w(-2). Suppose -o*t + 3*f = 2*f - 89, 4*f = 3*t - 126. Suppose -3*m - 48 = -6*m. What is the remainder when t is divided by m?
14
Suppose -3*h + 2 = 8. Let s(b) = -b + 1. Let v be s(h). Let g = 11 + v. What is the remainder when g is divided by 5?
4
Suppose -8 + 4 = 4*q. Suppose -45 + 5 = -4*z. Calculate the remainder when 21*q/(-1) - 2 is divided by z.
9
Let t(q) = -q**2 + 6*q - 5. Let o be t(4). Suppose o*g + 1 = 7. Suppose 3*j = -g*s + 21, 19 = -5*j - 6. Calculate the remainder when 34 is divided by s.
16
Suppose -3*k = -4*k + 11. Calculate the remainder when 41 is divided by k.
8
Let z be (-1 + 12 - 0)/1. Let b be 2/z + 136/(-22). Let j = b - -10. Calculate the remainder when 14 is divided by j.
2
Suppose 3*o + 2*b - 28 = 3*b, 48 = 5*o - b. Calculate the remainder when 27 is divided by o.
7
Suppose 0*d + 4*d = 0. Suppose 5*i + 2*r - 148 = d, -4*i - 2*r + 62 + 58 = 0. What is the remainder when i is divided by 6?
4
Let u(g) = 3*g**2 + 5*g + 2. Calculate the remainder when 41 is divided by u(-3).
13
Suppose -3*n - 5*j = 5, 0*n = -5*n + 3*j + 3. Let m = 15 + n. What is the remainder when ((-42)/4)/((-3)/8) is divided by m?
13
Let p(v) = v. Let y be (0 + 4)/((-2)/(-10)). Let q = 33 - y. Calculate the remainder when q is divided by p(5).
3
Let d(k) = -4*k + 5. Calculate the remainder when d(-6) is divided by 19.
10
Suppose 7*w - 2*w = 40. Let f(u) = 2*u**2 + 2*u + 2. Calculate the remainder when f(-3) is divided by w.
6
Let k(d) = d**2 - 5*d + 2. What is the remainder when 30 is divided by k(7)?
14
Let d = 130 + -75. What is the remainder when d is divided by 7?
6
Let a = -43 - -49. Suppose -4*i + 3*u - 79 = -9*i, -i + 7 = 5*u. Let t = i - a. Calculate the remainder when 21 is divided by t.
10
Let v(d) = -2*d - 7. Let l be v(-5). Suppose l*g + 62 = 5*q + 2*g, 5*q + g - 68 = 0. Calculate the remainder when q is divided by 5.
3
Suppose 3*l - 2*g + 10 = 0, -2*g - 20 = 3*l - 6*g. Suppose -5*b + 76 = 7*q - 3*q, l = -4*q - 3*b + 68. Calculate the remainder when 54 is divided by q.
12
Suppose 0 = -13*y + 14*y - 8. What is the remainder when 21 is divided by y?
5
Suppose -36 = -y - 4*f, 0*y + 75 = 5*y - f. Suppose u + y = 5*u. What is the remainder when 17 is divided by u?
1
Let t = 522 + -466. Suppose 6*o - 3*o + 91 = 4*c, -3*o = 5*c - 80. Calculate the remainder when t is divided by c.
18
Let f be 3/(-3)*(1 - 2). Suppose 5*u = 9 + f. Calculate the remainder when 11 is divided by 2/4 + 11/u.
5
Let p(b) = -2 + 10*b - 20*b + 5*b. Calculate the remainder when p(-3) is divided by 8.
5
Suppose -g + 0*g + 3 = 0. Let o(t) = t**3 - 2*t**2 - 3*t + 2. What is the remainder when 7 is divided by o(g)?
1
Let t(p) = -2*p**2 - 15*p - 13. Let r(l) = -l**2 - 7*l - 7. Let x(d) = -5*r(d) + 2*t(d). What is the remainder when 28 is divided by x(-6)?
13
Suppose 5*x = 2*n + 92, 0*x + 3*n = -2*x + 33. Let i(o) = 16*o - 9. Calculate the remainder when i(6) is divided by x.
15
Suppose -20*r + 22*r = 10. Suppose 5*u + 0*k = -k + 12, -5*u + k + 8 = 0. Suppose -d = u*d - 9. What is the remainder when r is divided by d?
2
Let y(t) = -t**2 - 11*t - 9. Calculate the remainder when y(-6) is divided by ((-1)/2)/(1/(-22)).
10
Let d(k) = k**2 - 11*k + 3. Let l be d(10). Let x = 5 - l. What is the remainder when 55 is divided by ((-2)/(-3))/(x/342)?
17
Let f(c) = -3*c**2 + 2*c + 1. Let s be f(-1). Let r = -1 - s. What is the remainder when 35 is divided by (-2)/4*(r - 27)?
11
Calculate the remainder when 50 is divided by 462/(-99)*-1*3.
8
Let u be 52*(-3 - 14/(-4)). Suppose j + 6 = -n, n - 5*j = 5*n + u. Let g = 7 + n. What is the remainder when 4 is divided by g?
1
Let b(v) = v - 7. Let q be b(-4). Let a = q - -24. Suppose -4*s + 2*p + 2*p + 164 = 0, -124 = -4*s - 4*p. What is the remainder when s is divided by a?
10
Suppose -3*b = -4*u - 4, 5*u + 2 - 24 = -3*b. Suppose b*q = 15 + 1, -10 = -o + q. What is the remainder when (-2 - 0)*(-106)/4 is divided by o?
11
Let h be (2/(-3))/(2/30). What is the remainder when 16 is divided by ((-12)/h)/(2/10)?
4
Let l = 98 - 33. What is the remainder when l is divided by 17?
14
Suppose 218 = 3*l + 11. What is the remainder when l is divided by 35?
34
Suppose 0 = -7*k + 3*k + 8. Suppose -2*h + 14 = -2*y, -4*h + 63 = h + k*y. Calculate the remainder when 19 is divided by h.
8
Suppose 9 = -3*z, 114 = 2*y + y + 2*z. Let s = y + -21. Suppose s = b - 3. Calculate the remainder when b is divided by 8.
6
Let d = -6 + 24. Calculate the rema